and b.
8
Let y(h) = h + 1. Let j be y(1). Suppose j*x - 1260 = -2*x. Suppose c - x = -4*c. What is the highest common factor of c and 7?
7
Suppose 2*b - b - 88 = 0. What is the highest common factor of b and 11?
11
Let b(m) = m**3 + 5*m**2 - 7*m. Let f be b(-6). Suppose 5*l + 6 = -9, -2*i = 2*l + 2. Suppose f*n - 572 = i*n. Calculate the highest common divisor of n and 13.
13
Let n = 64 - -20. What is the highest common factor of n and 56?
28
Let v be ((-1)/(-1))/((-2)/(-4)). Let m(y) = 10*y**v - 6*y - 2*y - y**3 + 12 - 5. Let s be m(9). Calculate the greatest common factor of s and 4.
4
Suppose -o = 2*k + 3*k + 13, 0 = -2*o - 3*k - 12. Let r = o + 32. Calculate the highest common divisor of 319 and r.
29
Let t(x) = x + 29. Let k be t(-12). What is the highest common factor of 51 and k?
17
Suppose -4*i - 14 = m, 0 = 5*m - 0*i + 2*i + 124. Let b = m + 16. Let g be (-884)/b - 2/5. Calculate the highest common divisor of g and 11.
11
Let m = 21 - 45. Let i be (-2)/(-7) + m/(-14). Suppose -i*q + 400 = 3*q. What is the greatest common factor of 10 and q?
10
Suppose 0*d - 4 = 4*d. Let c be 24*1*(2 + d). Let h(n) = 3*n**2 - 5*n + 4. Let w be h(3). Calculate the greatest common factor of w and c.
8
Let r = 37 + -22. What is the greatest common factor of 105 and r?
15
Let d(u) = 6*u - 3. Let c be d(2). Calculate the greatest common divisor of 45 and c.
9
Suppose 14 = 24*z - 17*z. Calculate the highest common divisor of z and 6.
2
Let u(m) = m**2 - 14*m - 41. Let p be u(-3). What is the highest common divisor of 10 and p?
10
Let a(g) = g**2 - 3*g - 4. Let f(h) = h**3 - 2*h**2 - h - 3. Let l be f(3). Let q = l + -6. Let n be a(q). What is the highest common divisor of n and 28?
14
Let m(h) = h**3 - 2*h**2 + 4*h - 3. Let q be m(2). Suppose -35 = q*k - 10*k. What is the greatest common factor of 21 and k?
7
Let s = 5 - -1. Let f be 4/s + (-92)/(-6). Calculate the highest common divisor of f and 40.
8
Let z be (-6)/39 + 469/91. What is the highest common divisor of 2 and z?
1
Let a(z) = -3*z**3 + z + 1. Let o be a(-1). Suppose -u + 79 = j, 0 = -0*u - u - o*j + 87. Calculate the greatest common factor of 50 and u.
25
Let f(d) = 7*d - 16. Let p be f(4). Calculate the greatest common factor of 3 and p.
3
Let w = 270 + -185. Calculate the greatest common divisor of 17 and w.
17
Suppose -101 = 3*m + 5*z - 365, 4*z - 88 = -m. What is the highest common factor of m and 220?
44
Let p be (-1 + (-46)/(-10))/(7/280). What is the highest common factor of p and 16?
16
Let a(f) = 3*f**2 + 3*f. Let j be a(3). Calculate the highest common factor of 9 and j.
9
Suppose -4*z - 88 = -8*z. What is the greatest common divisor of z and 11?
11
Suppose -2*d + 16 = 4*c + c, -5*c + 7 = -d. Suppose -c*l + 5 = 3*l. What is the highest common divisor of l and 1?
1
Suppose i - 20 = 5. What is the highest common factor of 175 and i?
25
Let v = 194 + -134. Let n(m) = -2*m - 6. Let d be n(-4). Suppose -z + 36 = d*z. Calculate the greatest common divisor of v and z.
12
Let k = 40 - 8. Let u be 10*(-4)/(k/(-92)). What is the highest common divisor of u and 46?
23
Let c be (-1 - -5) + -7 - -13. Calculate the highest common divisor of 4 and c.
2
Let t = -9 + 8. Let l be -1 + 1/t - -20. What is the highest common divisor of l and 72?
18
Suppose -5*w = -2*r + 48, -4*r = -0*r + 2*w - 48. Calculate the highest common factor of r and 182.
14
Suppose 22 = 2*o + 4*y, o - y = 2*y + 11. Let q(z) = 8*z**2 + 3*z + 5. Let u be q(-4). What is the highest common divisor of u and o?
11
Let f be (2*4)/(2/1). What is the highest common divisor of f and 128?
4
Let p = 2 - 0. Let c be 2 + 3 + p + 3. Let t(u) = -2*u - 6. Let o be t(-8). What is the greatest common factor of o and c?
10
Suppose 6*m - 2*m - 3*z = 39, 3*z - 6 = -m. Suppose 6*i + 17 = 71. Calculate the highest common divisor of m and i.
9
Let p(g) = -g - 1. Let y be p(-6). Suppose y*d = -h + 45, -5*d + 0*d + 45 = 5*h. What is the greatest common divisor of d and 27?
9
Suppose -5*v - 8 = -v. Let i(o) = 2*o**2 + 4*o + 2. Let z be i(v). Suppose z*x + x = 36. Calculate the highest common factor of x and 3.
3
Let v = -42 - -75. Let d(p) = p + 5. Let o be d(6). What is the highest common factor of o and v?
11
Suppose 3 = 5*u - 4*j, -3 = -j - 0*j. Suppose -3*s = -5*a - 30, 2*s = -5*a - 2 - u. Let y be 8/3*(-15)/(-4). What is the highest common divisor of y and s?
5
Suppose 0 = 8*h + 18 - 58. What is the highest common divisor of 2 and h?
1
Let k = -51 - -60. What is the highest common factor of k and 6?
3
Let i(r) = -r + 9. Let z be i(5). Suppose 0 = -z*h + 219 + 9. What is the greatest common divisor of 19 and h?
19
Suppose 7*p = 2*p - 25. Let n(y) = y + 7. Let j be n(p). Suppose -4*a = -j*z + 1 - 3, -8 = -2*a. What is the highest common divisor of 1 and z?
1
Let k(t) = -2*t + 21. Let l be k(5). What is the greatest common factor of l and 77?
11
Suppose q + 40 = -3*h, 2*q - 8 = h + 3. Let a = 22 + h. What is the highest common factor of 36 and a?
9
Suppose -38 = -5*r - 3. Let n = -7 + r. Suppose -w + 3*w - 3*q = 13, n = 4*w + 5*q - 15. What is the greatest common factor of 45 and w?
5
Let n(r) = r**3 + r**2 + 1. Let d(k) = -3*k**3 + 8*k**2 + 2*k - 12. Let j(a) = d(a) + 2*n(a). Let i be j(10). Calculate the highest common factor of 4 and i.
2
Suppose -2*d - d + 12 = 0, -22 = -2*a + 5*d. Calculate the highest common factor of a and 14.
7
Let f = -63 + -17. Let u = -40 - f. Let t = 58 - u. What is the highest common factor of 36 and t?
18
Suppose 0 = 11*d - 2*d - 621. Calculate the greatest common divisor of d and 161.
23
Suppose 3 = 4*f - 1, -i + 6 = -4*f. Let a = -7 + 7. Suppose -3*o + 2*x = -23, a*o = -o - 4*x - 11. What is the greatest common divisor of o and i?
5
Let c(b) = b**3 - b**2 - 2*b - 1. Let r be c(3). Let d = -61 + 171. What is the highest common factor of d and r?
11
Let x(s) = s**3 - 13*s**2 - 13*s + 16. Let i be ((-28)/(-5))/((-2)/(-5)). Let y be x(i). Calculate the greatest common divisor of y and 60.
30
Suppose -23 = s - 48. What is the highest common divisor of 25 and s?
25
Suppose 54 = -10*m + 12*m. What is the highest common divisor of 45 and m?
9
Let f(c) = -7 - 2 + 1 + 4 - 3*c. Let d be f(-2). Calculate the greatest common factor of d and 3.
1
Let t be 5 - (3 - 12/2). Suppose b - 72 = -3*f, -2*f - 2*f + 4*b + 96 = 0. Suppose 0 = -0*s + s - f. What is the highest common divisor of s and t?
8
Let s(i) = i**2 + 12*i + 1. Let z(f) = f**2 + 12*f. Let c(r) = -5*s(r) + 4*z(r). Let v be c(-8). Calculate the highest common factor of 9 and v.
9
Suppose 15*a - 50 = 10*a. Calculate the greatest common factor of 2 and a.
2
Let z = -21 + 36. Let n = -10 + z. Suppose 4*o = -4*k, -o - 4*k = -4*o + 35. What is the greatest common factor of n and o?
5
Suppose 0 = -2*w + 64 + 80. What is the highest common divisor of w and 18?
18
Suppose -5*m = -5*d + 125, 2*m = -5*d - 2*m + 98. Suppose d = 3*j + 5*o, 2*o = -5*j - 2*o + 41. What is the highest common factor of 36 and j?
9
Suppose -4*r - 4 = 2*k, -r - 4*k = -7 - 6. Let u = -3 + -5. Let o be ((-12)/u)/(r/(-76)). Calculate the highest common divisor of 95 and o.
19
Let s = 140 + -64. Let p = s - 4. What is the greatest common factor of p and 48?
24
Let j(r) = -6*r + 5. Let z(n) = -7*n + 6. Let p(g) = -3*j(g) + 2*z(g). Let l = 11 + -8. Let m be p(l). What is the highest common divisor of 9 and m?
9
Suppose -2*v - 7 = -2*i + 25, 4*v - 3*i = -63. Let k be (-3)/v + (-177)/(-15). Calculate the highest common divisor of 6 and k.
6
Let m be (2*-2)/((-10)/30). Calculate the highest common divisor of 6 and m.
6
Suppose -3*p + 32 = -p + 2*x, p - 20 = x. Let y(o) = -o + 8. Let g be y(6). Calculate the highest common divisor of p and g.
2
Let l = 746 + -258. Suppose -2*a + 4*r = 2*a - l, a + r - 116 = 0. Let c(o) = 16*o**2 - o. Let m be c(-1). What is the highest common divisor of m and a?
17
Let f = -11 - -27. What is the highest common factor of f and 128?
16
Let w(b) = -b**2 + 15*b - 7. Let y be w(7). Suppose 0 = 2*c - 3*i - 23, -c + 4*i - 14 + 33 = 0. Calculate the greatest common factor of y and c.
7
Let r be ((-4)/(-6))/(-2)*-3. Suppose 7*q = 2*q. Suppose -x + 3 = q, -2*l - 5*x + 17 + 6 = 0. What is the greatest common divisor of l and r?
1
Let s(u) = u**2 - u. Let p(y) = -6*y**2 + 4*y + 1. Let b(t) = -p(t) 